f**3. Is d(u) prime?
True
Let y(o) = -38*o + 2. Let l be 69/(-21) + 2/7. Let f be y(l). Suppose z + 3*j = f, 3*z + 2*j - 4*j = 403. Is z a composite number?
False
Suppose -4*q + 3766 + 29384 = -2*c, 0 = -3*q + 4*c + 24865. Is q composite?
False
Suppose -54 = -r - 2. Let o = r + -50. Suppose -99 + 1383 = o*v + 5*p, 0 = -3*v - 5*p + 1931. Is v prime?
True
Let l(f) = -17*f**3 + 4*f**2 + 7*f - 7. Let b(x) = x. Let m(z) = -6*b(z) + l(z). Let w(c) = -c - 17. Let y be w(-14). Is m(y) prime?
False
Suppose -2*t = -36696 - 72202. Is t prime?
True
Let b = -108 - -124. Let f(s) = 91*s - 99. Is f(b) composite?
True
Let g be 7*4/14 - (-13169 + -1). Suppose 0 = -13*m + g + 27947. Is m a composite number?
False
Suppose -s + 5*m + 15 = 1, m = -5*s + 70. Suppose s = 3*a - 5*o - 16, 2*a = -2*o + 4. Suppose 4*r = -a*z + 291, 4*r = -5*z + 6*z + 273. Is r composite?
True
Suppose a - 356*c - 82143 = -355*c, 0 = -c - 4. Is a prime?
True
Suppose 9*b - 125301 = 26988. Is b a composite number?
False
Suppose 62 = -6*j + 92. Suppose 2*c - 571 = j*t, -8*t + 13*t = 4*c - 1157. Is c a composite number?
False
Suppose 1243780 = 908*w - 888*w. Is w composite?
False
Let u = -305629 + 496068. Is u composite?
True
Let m be (0 - 3) + -6 + 4 + 30. Is (500 - 0/(-1)) + -23 + m composite?
True
Let r = -1282586 + 1958249. Is r a prime number?
False
Let d = 10448 - -7588. Let w = -6947 + d. Is w a composite number?
True
Let c = -219 - -471. Let s = c + 337. Is s a prime number?
False
Let f(z) = 882*z**2 - 41*z + 278. Is f(9) a prime number?
False
Let w = 31 + -36. Let r(l) = -94*l + 17. Let x be r(w). Suppose -1485 = -4*i + x. Is i composite?
True
Let m(g) be the third derivative of -g**6/120 - g**5/5 + g**4/4 + 7*g**3/3 + g**2 - 1. Let i be (-4)/14 - 103/7. Is m(i) a prime number?
True
Let t(l) be the first derivative of -22*l - 3/2*l**2 + 7 + 26/3*l**3. Is t(-9) a prime number?
True
Suppose f + f - 24 = 0. Suppose -5*v = 7 - f. Is v - (-51356)/30 - 44/(-330) a composite number?
True
Let z(a) be the third derivative of 67*a**5/15 + a**4/4 - 65*a**3/6 - 52*a**2 + 2*a. Is z(17) composite?
False
Is 168/(-24) - -212167 - (0 - -7) a prime number?
False
Suppose -d = -4*g - 41, -4*d = -3*d - 3*g - 45. Suppose 58*j - d*j - 212 = 0. Let k = 95 + j. Is k composite?
False
Suppose -221*o + 97*o = -194308. Is o a composite number?
False
Let j(z) = -8*z + z + 3*z**2 + 10*z + 4*z - 2. Let i be j(-3). Is 7 - -182 - i/1 a prime number?
False
Let a(s) = 1112*s**2 - 3*s - 7. Let o(p) = 2*p + 2. Let v be o(0). Is a(v) composite?
True
Let v(x) = 4*x**2 - 12*x - 10. Let h be v(-5). Suppose 0 = -6*g + g + h. Is 35228/60 - 4/g a composite number?
False
Let w(g) = 908 - 1467 - 8*g + 12528. Is w(0) composite?
False
Is (-90 + -21)*(-1 - (-6378)/(-9)) a composite number?
True
Suppose -4*i = 0, c - 740*i - 268403 = -738*i. Is c a prime number?
True
Suppose 4*p = -2*o - 14282 + 75670, -p + 15347 = 4*o. Is p composite?
True
Suppose 86 + 54 = 7*d. Suppose -17168 = -d*x + 62172. Is x a prime number?
True
Is 1039137*9*4/108 prime?
False
Let d(j) = -19273*j + 1465. Is d(-12) prime?
True
Suppose 0 = 5*j + 3*i - 26, j - 5 - 9 = -5*i. Suppose 3*t - 23 = j*y + 47, 3*y = -4*t + 110. Is t a composite number?
True
Let k(g) = 5534*g**2 + 3035*g - 13. Is k(6) composite?
False
Let a(p) = 20*p**2 + 22*p**2 + 22*p**2 - 18 - 61*p**2. Let h be a(12). Let c = h - 35. Is c composite?
False
Is 4/54 - (-119446895)/18927 a prime number?
True
Let r = 96 + -93. Suppose r*q - 2*j = -200, 2*j = -5*q + 6*j - 332. Let s = q - -589. Is s prime?
True
Is (-2)/(-14) - ((-618430)/(-35))/((-5)/10) a prime number?
True
Suppose 24*r + 20*r - 265276 = -0*r. Is r a prime number?
True
Let z(k) = -k**2 - 10*k - 19. Let m be z(-6). Suppose -u - 2*y = -22, 3*u = y + m + 75. Suppose -u*v = -23*v - 1527. Is v a prime number?
True
Let z be -2 + (-4)/(16/(-20)) + -3. Let n(o) = -439 + 1012 + 1874 - o**3 + 2*o**2 - 4*o - o**2. Is n(z) a prime number?
True
Suppose -5*c - 2*b = -1508783, 24*c - 23*c + 2*b - 301747 = 0. Is c composite?
False
Let s(k) be the first derivative of -367*k**2 - 77*k + 51. Is s(-5) a composite number?
False
Let p be (235/(-188))/(2/376). Let v = p - -6834. Is v a prime number?
True
Is (7 + 6 - (6 + 3)) + 754795 prime?
False
Let b = 46 + -36. Suppose -b*p + 13 = -27. Suppose -p*l - 79 = -155. Is l composite?
False
Let k = -1522 + 4422. Suppose t + 4*q - 129 = k, -12211 = -4*t + 3*q. Is t composite?
False
Let r = 2125 + 144. Is r prime?
True
Suppose -2*z = -4*c + 1062, -3*c - 1092 = -7*c - 4*z. Let w be (2 + c - 1)*(4 - -1). Suppose 2*i = -3*a + w, -2*a - 2*i + 895 = -i. Is a a prime number?
False
Let o = -58110 - -176927. Is o composite?
True
Let o = -11443 - -24104. Is o a prime number?
False
Let u(b) = 25*b - 15. Let s(t) = 75*t - 44. Let n = -29 + 22. Let r(d) = n*u(d) + 2*s(d). Is r(-12) prime?
True
Suppose 135*k - 9711649 = 4105196. Is k a composite number?
True
Is 404702/16 + 484/32 + -15 a prime number?
False
Suppose 7*c - 28 = -0*c. Let l(t) = -t**3 + 2*t**2 - 2*t + 1. Let d be l(1). Suppose -c*s - s + 490 = 5*r, d = -3*r + 3. Is s composite?
False
Let s(g) = 31910*g**3 + 8*g**2 + 10*g - 25. Is s(3) a prime number?
True
Let w be (-4)/(36/(-75))*3. Suppose 0 + w = 5*v. Suppose -1300 = -v*j + 5*l, -2*j + 5*l + 774 = j. Is j composite?
False
Is (4 - 5)*1 - (-81724 + -4) a composite number?
False
Suppose 0 = -12*z + 7*z - 20, -2*d + 350266 = -2*z. Is d a composite number?
False
Suppose 7*h = 89121 + 1206026. Is h prime?
True
Suppose -5*h + 13 = 3*w, -5*w = 5*h - 4 - 11. Is ((-3395 - 7) + w)*-1 composite?
True
Suppose -3*g = -4*y + 398287 + 516609, y + g = 228731. Is y a composite number?
True
Let y(m) = 13*m**2 + 138*m + 142. Is y(-49) a composite number?
False
Let f = -293 + 200. Is f*(-10)/(-40)*152/(-6) prime?
False
Suppose 4*z = 4*s - 8, 3*z = 4*s + z - 16. Let v be s/(-4)*(-14)/7. Suppose -3*g = y - 1102, -4*g - v*y + 1426 = -45. Is g prime?
True
Let q(k) = 2*k**2 + 10*k + 3. Let b be q(-4). Let r(c) = -33*c**3 - c**2 + 5*c + 16. Is r(b) a composite number?
False
Let x(s) = -7*s + 2. Let m be x(-2). Suppose -6*q + 64 - m = 0. Suppose 2*r + 858 = q*r. Is r composite?
True
Let s = 8441 - 14835. Let m be 10/(-45) + s/(-18). Let h = 674 - m. Is h prime?
False
Let g = 2088 + -703. Is 8/(-4)*g/(-2) a composite number?
True
Let r = -17 - -19. Let o be r + -4 + 1076/2. Suppose o = x + f, 3*f + 654 = 4*x - 1525. Is x a composite number?
False
Let c = -100 - -88. Let r be 409 + (-4)/(c/(-3)). Let l = 37 + r. Is l composite?
True
Suppose -5*f = -s - 3*f + 85437, -3 = -3*f. Is s prime?
True
Let d = -24112 + 39681. Is d prime?
True
Let i be (-35)/15 - (-117)/27. Is 0 + (i + 106286/4)*2 composite?
False
Suppose -6*a - 10 = 2. Let h be a/(18/3)*(-3 - -3). Suppose h = 10*p - 4*p - 708. Is p a composite number?
True
Suppose -g = -5*m + 44, 5*m = -4*g + 6*m - 195. Let y be 21/g - (9957/7)/(-1). Suppose -4*f + y + 494 = 0. Is f prime?
True
Let n = 1331394 - 812595. Is n prime?
False
Let v be 90050/(-15)*-9 + 4/(-1). Suppose 12*a + v = 26*a. Is a composite?
True
Suppose -8*o + 2*o + 86754 = 0. Let f = o - 5668. Is f a prime number?
False
Let q(r) = 5 - 40 + 71*r + 68*r - 6. Let u(h) = 8*h + 62. Let w be u(-5). Is q(w) a prime number?
False
Let d = -1149230 - -2455212. Is d a prime number?
False
Let v = -886544 - -2781333. Is v composite?
True
Let r be -36*((-210)/4 - 0). Suppose 0 = -2*s - s + r. Let i = -217 + s. Is i composite?
True
Let g(i) = 10*i - 5. Let a be g(1). Suppose -5*m - 10427 = 2*c - 45705, -5*m - a*c = -35290. Is m composite?
True
Let y = 14876 + -6110. Suppose 7*l - y = l. Is l a prime number?
False
Suppose 4*t - 5*d = -10*d + 3572, -2*t + 1816 = -5*d. Is -4 - -9 - (-4 - t) composite?
False
Let t = -718 - -780. Suppose -81*w + 118351 = -t*w. Is w prime?
True
Let j = 122 + -123. Let f be (j + 3/(-2))*(-100)/125. Is ((-647)/2)/(-4*f/16) composite?
False
Is (24 - (-27 + 48))/(6/102244) a composite number?
True
Let f(p) = 79*p + 1141. Let l be f(-17). Let y be (-1324)/(-1)*(-6)/(-8). Let w = y + l. Is w composite?
True
Is ((-1248)/64)/(-13)*(-175556)/(-6) a prime number?
True
Suppose 4*q - 3 = 1. Let d be 3/q + (-8529)/(-3). Let o = -1765 + d. Is o a composite number?
True
Is -8*(-9)/(-360)*-625985 prime?
True
Let r = 679 - -292. Let 